{"id":10021279,"date":"2026-04-01T11:51:53","date_gmt":"2026-04-01T09:51:53","guid":{"rendered":"https:\/\/aresweden.com\/kalender\/utforsaljning-extrem-fabriksbutik\/"},"modified":"2026-04-01T11:58:16","modified_gmt":"2026-04-01T09:58:16","slug":"extrems-annual-factory-sale","status":"publish","type":"tribe_events","link":"https:\/\/aresweden.com\/en\/kalender\/extrems-annual-factory-sale\/2026-04-03\/","title":{"rendered":"Extrem\u2019s annual factory sale"},"content":{"rendered":"<p>Welcome to Extrem\u2019s annual factory sale. Come score a great deal on a wide selection of skis for every part of the mountain\u2014at unbeatable prices:<\/p>\n<p>\u2022 Discontinued models<br \/>\n\u2022 Demo skis with bindings<br \/>\n\u2022 Second-quality items<br \/>\n\u2022 Samples<br \/>\n\u2022 Previous seasons\u2019 models<\/p>\n<p>Also available:<br \/>\n\u2022 Bindings \u2013 alpine, hybrid, and touring<br \/>\n\u2022 Climbing skins<\/p>\n<p>Dates: April 2\u20133, 09:00\u201316:00<br \/>\nLocation: \u00c5re Ski Factory, S\u00e5\u00e5 402 (next to Handelshuset)<\/p>\n","protected":false},"excerpt":{"rendered":"<p>Welcome to Extrem\u2019s annual factory sale. Come score a great deal on a wide selection of skis for every part of the mountain\u2014at unbeatable prices: \u2022 Discontinued models \u2022 Demo [&hellip;]<\/p>\n","protected":false},"author":29,"featured_media":59035,"template":"","meta":{"_acf_changed":false,"_relevanssi_hide_post":"","_relevanssi_hide_content":"","_relevanssi_pin_for_all":"","_relevanssi_pin_keywords":"","_relevanssi_unpin_keywords":"","_relevanssi_related_keywords":"","_relevanssi_related_include_ids":"","_relevanssi_related_exclude_ids":"","_relevanssi_related_no_append":"","_relevanssi_related_not_related":"","_relevanssi_related_posts":"","_relevanssi_noindex_reason":"","_tribe_events_status":"","_tribe_events_status_reason":"","_tribe_events_is_hybrid":"","_tribe_events_is_virtual":"","_tribe_events_virtual_video_source":"","_tribe_events_virtual_embed_video":"","_tribe_events_virtual_linked_button_text":"","_tribe_events_virtual_linked_button":"","_tribe_events_virtual_show_embed_at":"","_tribe_events_virtual_show_embed_to":[],"_tribe_events_virtual_show_on_event":"","_tribe_events_virtual_show_on_views":"","_tribe_events_virtual_url":"","footnotes":""},"tags":[],"tribe_events_cat":[2486],"class_list":["post-10021279","tribe_events","type-tribe_events","status-publish","has-post-thumbnail","hentry","tribe_events_cat-activities-en","cat_activities-en","tribe-recurring-event","tribe-recurring-event-parent"],"acf":[],"yoast_head":"<!-- This site is optimized with the Yoast SEO plugin v27.3 - https:\/\/yoast.com\/product\/yoast-seo-wordpress\/ -->\n<title>Extrem\u2019s annual factory sale &#8211; \u00c5re Sweden<\/title>\n<meta name=\"robots\" content=\"index, follow, max-snippet:-1, max-image-preview:large, max-video-preview:-1\" \/>\n<link rel=\"canonical\" href=\"https:\/\/aresweden.com\/en\/kalender\/extrems-annual-factory-sale\/2026-04-03\/\" \/>\n<meta property=\"og:locale\" content=\"en_US\" \/>\n<meta property=\"og:type\" content=\"article\" \/>\n<meta property=\"og:title\" content=\"Extrem\u2019s annual factory sale &#8211; \u00c5re Sweden\" \/>\n<meta property=\"og:description\" content=\"Welcome to Extrem\u2019s annual factory sale. Come score a great deal on a wide selection of skis for every part of the mountain\u2014at unbeatable prices: \u2022 Discontinued models \u2022 Demo [&hellip;]\" \/>\n<meta property=\"og:url\" content=\"https:\/\/aresweden.com\/en\/kalender\/extrems-annual-factory-sale\/2026-04-03\/\" \/>\n<meta property=\"og:site_name\" content=\"\u00c5re Sweden\" \/>\n<meta property=\"article:publisher\" content=\"https:\/\/www.facebook.com\/aresweden\/\" \/>\n<meta property=\"article:modified_time\" content=\"2026-04-01T09:58:16+00:00\" \/>\n<meta property=\"og:image\" content=\"https:\/\/aresweden.com\/app\/uploads\/2026\/04\/extrem-fabriksutforsaljning-e1775037074882.jpg\" \/>\n\t<meta property=\"og:image:width\" content=\"1944\" \/>\n\t<meta property=\"og:image:height\" content=\"1094\" \/>\n\t<meta property=\"og:image:type\" content=\"image\/jpeg\" \/>\n<meta name=\"twitter:card\" content=\"summary_large_image\" \/>\n<meta name=\"twitter:label1\" content=\"Est. reading time\" \/>\n\t<meta name=\"twitter:data1\" content=\"1 minute\" \/>\n<script type=\"application\/ld+json\" class=\"yoast-schema-graph\">{\"@context\":\"https:\\\/\\\/schema.org\",\"@graph\":[{\"@type\":\"WebPage\",\"@id\":\"https:\\\/\\\/aresweden.com\\\/en\\\/kalender\\\/extrems-annual-factory-sale\\\/2026-04-03\\\/\",\"url\":\"https:\\\/\\\/aresweden.com\\\/en\\\/kalender\\\/extrems-annual-factory-sale\\\/2026-04-03\\\/\",\"name\":\"Extrem\u2019s annual factory sale &#8211; \u00c5re Sweden\",\"isPartOf\":{\"@id\":\"https:\\\/\\\/aresweden-bedrock.test\\\/#website\"},\"primaryImageOfPage\":{\"@id\":\"https:\\\/\\\/aresweden.com\\\/en\\\/kalender\\\/extrems-annual-factory-sale\\\/2026-04-03\\\/#primaryimage\"},\"image\":{\"@id\":\"https:\\\/\\\/aresweden.com\\\/en\\\/kalender\\\/extrems-annual-factory-sale\\\/2026-04-03\\\/#primaryimage\"},\"thumbnailUrl\":\"https:\\\/\\\/aresweden.com\\\/app\\\/uploads\\\/2026\\\/04\\\/extrem-fabriksutforsaljning-e1775037074882.jpg\",\"datePublished\":\"2026-04-01T09:51:53+00:00\",\"dateModified\":\"2026-04-01T09:58:16+00:00\",\"breadcrumb\":{\"@id\":\"https:\\\/\\\/aresweden.com\\\/en\\\/kalender\\\/extrems-annual-factory-sale\\\/2026-04-03\\\/#breadcrumb\"},\"inLanguage\":\"en-US\",\"potentialAction\":[{\"@type\":\"ReadAction\",\"target\":[\"https:\\\/\\\/aresweden.com\\\/en\\\/kalender\\\/extrems-annual-factory-sale\\\/2026-04-03\\\/\"]}]},{\"@type\":\"ImageObject\",\"inLanguage\":\"en-US\",\"@id\":\"https:\\\/\\\/aresweden.com\\\/en\\\/kalender\\\/extrems-annual-factory-sale\\\/2026-04-03\\\/#primaryimage\",\"url\":\"https:\\\/\\\/aresweden.com\\\/app\\\/uploads\\\/2026\\\/04\\\/extrem-fabriksutforsaljning-e1775037074882.jpg\",\"contentUrl\":\"https:\\\/\\\/aresweden.com\\\/app\\\/uploads\\\/2026\\\/04\\\/extrem-fabriksutforsaljning-e1775037074882.jpg\",\"width\":1944,\"height\":1094,\"caption\":\"Fabriskutf\u00f6rs\u00e4ljning p\u00e5 \u00c5re Skidbabrik i \u00c5re 2026\"},{\"@type\":\"BreadcrumbList\",\"@id\":\"https:\\\/\\\/aresweden.com\\\/en\\\/kalender\\\/extrems-annual-factory-sale\\\/2026-04-03\\\/#breadcrumb\",\"itemListElement\":[{\"@type\":\"ListItem\",\"position\":1,\"name\":\"Home\",\"item\":\"https:\\\/\\\/aresweden.com\\\/en\\\/\"},{\"@type\":\"ListItem\",\"position\":2,\"name\":\"Events\",\"item\":\"https:\\\/\\\/aresweden.com\\\/en\\\/calendar\\\/\"},{\"@type\":\"ListItem\",\"position\":3,\"name\":\"Extrem\u2019s annual factory sale\"}]},{\"@type\":\"WebSite\",\"@id\":\"https:\\\/\\\/aresweden-bedrock.test\\\/#website\",\"url\":\"https:\\\/\\\/aresweden-bedrock.test\\\/\",\"name\":\"\u00c5re Sweden\",\"description\":\"Official site for \u00c5re Sweden\",\"potentialAction\":[{\"@type\":\"SearchAction\",\"target\":{\"@type\":\"EntryPoint\",\"urlTemplate\":\"https:\\\/\\\/aresweden-bedrock.test\\\/?s={search_term_string}\"},\"query-input\":{\"@type\":\"PropertyValueSpecification\",\"valueRequired\":true,\"valueName\":\"search_term_string\"}}],\"inLanguage\":\"en-US\"}]}<\/script>\n<!-- \/ Yoast SEO plugin. -->","yoast_head_json":{"title":"Extrem\u2019s annual factory sale &#8211; \u00c5re Sweden","robots":{"index":"index","follow":"follow","max-snippet":"max-snippet:-1","max-image-preview":"max-image-preview:large","max-video-preview":"max-video-preview:-1"},"canonical":"https:\/\/aresweden.com\/en\/kalender\/extrems-annual-factory-sale\/2026-04-03\/","og_locale":"en_US","og_type":"article","og_title":"Extrem\u2019s annual factory sale &#8211; \u00c5re Sweden","og_description":"Welcome to Extrem\u2019s annual factory sale. Come score a great deal on a wide selection of skis for every part of the mountain\u2014at unbeatable prices: \u2022 Discontinued models \u2022 Demo [&hellip;]","og_url":"https:\/\/aresweden.com\/en\/kalender\/extrems-annual-factory-sale\/2026-04-03\/","og_site_name":"\u00c5re Sweden","article_publisher":"https:\/\/www.facebook.com\/aresweden\/","article_modified_time":"2026-04-01T09:58:16+00:00","og_image":[{"width":1944,"height":1094,"url":"https:\/\/aresweden.com\/app\/uploads\/2026\/04\/extrem-fabriksutforsaljning-e1775037074882.jpg","type":"image\/jpeg"}],"twitter_card":"summary_large_image","twitter_misc":{"Est. reading time":"1 minute"},"schema":{"@context":"https:\/\/schema.org","@graph":[{"@type":"WebPage","@id":"https:\/\/aresweden.com\/en\/kalender\/extrems-annual-factory-sale\/2026-04-03\/","url":"https:\/\/aresweden.com\/en\/kalender\/extrems-annual-factory-sale\/2026-04-03\/","name":"Extrem\u2019s annual factory sale &#8211; \u00c5re Sweden","isPartOf":{"@id":"https:\/\/aresweden-bedrock.test\/#website"},"primaryImageOfPage":{"@id":"https:\/\/aresweden.com\/en\/kalender\/extrems-annual-factory-sale\/2026-04-03\/#primaryimage"},"image":{"@id":"https:\/\/aresweden.com\/en\/kalender\/extrems-annual-factory-sale\/2026-04-03\/#primaryimage"},"thumbnailUrl":"https:\/\/aresweden.com\/app\/uploads\/2026\/04\/extrem-fabriksutforsaljning-e1775037074882.jpg","datePublished":"2026-04-01T09:51:53+00:00","dateModified":"2026-04-01T09:58:16+00:00","breadcrumb":{"@id":"https:\/\/aresweden.com\/en\/kalender\/extrems-annual-factory-sale\/2026-04-03\/#breadcrumb"},"inLanguage":"en-US","potentialAction":[{"@type":"ReadAction","target":["https:\/\/aresweden.com\/en\/kalender\/extrems-annual-factory-sale\/2026-04-03\/"]}]},{"@type":"ImageObject","inLanguage":"en-US","@id":"https:\/\/aresweden.com\/en\/kalender\/extrems-annual-factory-sale\/2026-04-03\/#primaryimage","url":"https:\/\/aresweden.com\/app\/uploads\/2026\/04\/extrem-fabriksutforsaljning-e1775037074882.jpg","contentUrl":"https:\/\/aresweden.com\/app\/uploads\/2026\/04\/extrem-fabriksutforsaljning-e1775037074882.jpg","width":1944,"height":1094,"caption":"Fabriskutf\u00f6rs\u00e4ljning p\u00e5 \u00c5re Skidbabrik i \u00c5re 2026"},{"@type":"BreadcrumbList","@id":"https:\/\/aresweden.com\/en\/kalender\/extrems-annual-factory-sale\/2026-04-03\/#breadcrumb","itemListElement":[{"@type":"ListItem","position":1,"name":"Home","item":"https:\/\/aresweden.com\/en\/"},{"@type":"ListItem","position":2,"name":"Events","item":"https:\/\/aresweden.com\/en\/calendar\/"},{"@type":"ListItem","position":3,"name":"Extrem\u2019s annual factory sale"}]},{"@type":"WebSite","@id":"https:\/\/aresweden-bedrock.test\/#website","url":"https:\/\/aresweden-bedrock.test\/","name":"\u00c5re Sweden","description":"Official site for \u00c5re Sweden","potentialAction":[{"@type":"SearchAction","target":{"@type":"EntryPoint","urlTemplate":"https:\/\/aresweden-bedrock.test\/?s={search_term_string}"},"query-input":{"@type":"PropertyValueSpecification","valueRequired":true,"valueName":"search_term_string"}}],"inLanguage":"en-US"}]}},"_links":{"self":[{"href":"https:\/\/aresweden.com\/en\/wp-json\/wp\/v2\/tribe_events\/10021279","targetHints":{"allow":["GET"]}}],"collection":[{"href":"https:\/\/aresweden.com\/en\/wp-json\/wp\/v2\/tribe_events"}],"about":[{"href":"https:\/\/aresweden.com\/en\/wp-json\/wp\/v2\/types\/tribe_events"}],"author":[{"embeddable":true,"href":"https:\/\/aresweden.com\/en\/wp-json\/wp\/v2\/users\/29"}],"version-history":[{"count":0,"href":"https:\/\/aresweden.com\/en\/wp-json\/wp\/v2\/tribe_events\/10021279\/revisions"}],"wp:featuredmedia":[{"embeddable":true,"href":"https:\/\/aresweden.com\/en\/wp-json\/wp\/v2\/media\/59035"}],"wp:attachment":[{"href":"https:\/\/aresweden.com\/en\/wp-json\/wp\/v2\/media?parent=10021279"}],"wp:term":[{"taxonomy":"post_tag","embeddable":true,"href":"https:\/\/aresweden.com\/en\/wp-json\/wp\/v2\/tags?post=10021279"},{"taxonomy":"tribe_events_cat","embeddable":true,"href":"https:\/\/aresweden.com\/en\/wp-json\/wp\/v2\/tribe_events_cat?post=10021279"}],"curies":[{"name":"wp","href":"https:\/\/api.w.org\/{rel}","templated":true}]}}

<p>Welcome to Extrem’s annual factory sale. Come score a great deal on a wide selection of skis for every part of the mountain—at unbeatable prices:</p>
<p>• Discontinued models<br />
• Demo skis with bindings<br />
• Second-quality items<br />
• Samples<br />
• Previous seasons’ models</p>
<p>Also available:<br />
• Bindings – alpine, hybrid, and touring<br />
• Climbing skins</p>
<p>Dates: April 2–3, 09:00–16:00<br />
Location: Åre Ski Factory, Såå 402 (next to Handelshuset)</p>

<!-- This site is optimized with the Yoast SEO plugin v27.3 - https://yoast.com/product/yoast-seo-wordpress/ -->
<title>Extrem’s annual factory sale &#8211; Åre Sweden</title>
<meta name="robots" content="index, follow, max-snippet:-1, max-image-preview:large, max-video-preview:-1" />
<link rel="canonical" href="https://aresweden.com/en/kalender/extrems-annual-factory-sale/2026-04-03/" />
<meta property="og:locale" content="en_US" />
<meta property="og:type" content="article" />
<meta property="og:title" content="Extrem’s annual factory sale &#8211; Åre Sweden" />
<meta property="og:description" content="Welcome to Extrem’s annual factory sale. Come score a great deal on a wide selection of skis for every part of the mountain—at unbeatable prices: • Discontinued models • Demo [&hellip;]" />
<meta property="og:url" content="https://aresweden.com/en/kalender/extrems-annual-factory-sale/2026-04-03/" />
<meta property="og:site_name" content="Åre Sweden" />
<meta property="article:publisher" content="https://www.facebook.com/aresweden/" />
<meta property="article:modified_time" content="2026-04-01T09:58:16+00:00" />
<meta property="og:image" content="https://aresweden.com/app/uploads/2026/04/extrem-fabriksutforsaljning-e1775037074882.jpg" />
	<meta property="og:image:width" content="1944" />
	<meta property="og:image:height" content="1094" />
	<meta property="og:image:type" content="image/jpeg" />
<meta name="twitter:card" content="summary_large_image" />
<meta name="twitter:label1" content="Est. reading time" />
	<meta name="twitter:data1" content="1 minute" />
<script type="application/ld+json" class="yoast-schema-graph">{"@context":"https:\/\/schema.org","@graph":[{"@type":"WebPage","@id":"https:\/\/aresweden.com\/en\/kalender\/extrems-annual-factory-sale\/2026-04-03\/","url":"https:\/\/aresweden.com\/en\/kalender\/extrems-annual-factory-sale\/2026-04-03\/","name":"Extrem’s annual factory sale &#8211; Åre Sweden","isPartOf":{"@id":"https:\/\/aresweden-bedrock.test\/#website"},"primaryImageOfPage":{"@id":"https:\/\/aresweden.com\/en\/kalender\/extrems-annual-factory-sale\/2026-04-03\/#primaryimage"},"image":{"@id":"https:\/\/aresweden.com\/en\/kalender\/extrems-annual-factory-sale\/2026-04-03\/#primaryimage"},"thumbnailUrl":"https:\/\/aresweden.com\/app\/uploads\/2026\/04\/extrem-fabriksutforsaljning-e1775037074882.jpg","datePublished":"2026-04-01T09:51:53+00:00","dateModified":"2026-04-01T09:58:16+00:00","breadcrumb":{"@id":"https:\/\/aresweden.com\/en\/kalender\/extrems-annual-factory-sale\/2026-04-03\/#breadcrumb"},"inLanguage":"en-US","potentialAction":[{"@type":"ReadAction","target":["https:\/\/aresweden.com\/en\/kalender\/extrems-annual-factory-sale\/2026-04-03\/"]}]},{"@type":"ImageObject","inLanguage":"en-US","@id":"https:\/\/aresweden.com\/en\/kalender\/extrems-annual-factory-sale\/2026-04-03\/#primaryimage","url":"https:\/\/aresweden.com\/app\/uploads\/2026\/04\/extrem-fabriksutforsaljning-e1775037074882.jpg","contentUrl":"https:\/\/aresweden.com\/app\/uploads\/2026\/04\/extrem-fabriksutforsaljning-e1775037074882.jpg","width":1944,"height":1094,"caption":"Fabriskutförsäljning på Åre Skidbabrik i Åre 2026"},{"@type":"BreadcrumbList","@id":"https:\/\/aresweden.com\/en\/kalender\/extrems-annual-factory-sale\/2026-04-03\/#breadcrumb","itemListElement":[{"@type":"ListItem","position":1,"name":"Home","item":"https:\/\/aresweden.com\/en\/"},{"@type":"ListItem","position":2,"name":"Events","item":"https:\/\/aresweden.com\/en\/calendar\/"},{"@type":"ListItem","position":3,"name":"Extrem’s annual factory sale"}]},{"@type":"WebSite","@id":"https:\/\/aresweden-bedrock.test\/#website","url":"https:\/\/aresweden-bedrock.test\/","name":"Åre Sweden","description":"Official site for Åre Sweden","potentialAction":[{"@type":"SearchAction","target":{"@type":"EntryPoint","urlTemplate":"https:\/\/aresweden-bedrock.test\/?s={search_term_string}"},"query-input":{"@type":"PropertyValueSpecification","valueRequired":true,"valueName":"search_term_string"}}],"inLanguage":"en-US"}]}</script>
<!-- / Yoast SEO plugin. -->

Extrem’s annual factory sale &#8211; Åre Sweden

Åre Sweden

Fabriskutförsäljning på Åre Skidbabrik i Åre 2026

Official site for Åre Sweden
