{"id":59959,"date":"2026-04-20T09:29:56","date_gmt":"2026-04-20T07:29:56","guid":{"rendered":"https:\/\/aresweden.com\/kalender\/majbrasa-pa-are-strand\/"},"modified":"2026-04-20T09:33:20","modified_gmt":"2026-04-20T07:33:20","slug":"spring-bonfire-at-are-strand","status":"publish","type":"tribe_events","link":"https:\/\/aresweden.com\/en\/calendar\/spring-bonfire-at-are-strand\/","title":{"rendered":"Spring bonfire at \u00c5re Strand"},"content":{"rendered":"<p>Celebrate the arrival of spring on Walpurgis Night at \u00c5re Strand.<\/p>\n<p>\u00c5re Duved Scout Group will be serving burgers and drinks, with more activities starting at 19:00.<\/p>\n<p>The \u00c5re Choir will perform before the bonfire is lit.<\/p>\n<p>The bonfire will be lit at 20:30.<\/p>\n","protected":false},"excerpt":{"rendered":"<p>Celebrate the arrival of spring on Walpurgis Night at \u00c5re Strand. \u00c5re Duved Scout Group will be serving burgers and drinks, with more activities starting at 19:00. The \u00c5re Choir [&hellip;]<\/p>\n","protected":false},"author":29,"featured_media":18676,"template":"","meta":{"_acf_changed":false,"_relevanssi_hide_post":"","_relevanssi_hide_content":"","_relevanssi_pin_for_all":"","_relevanssi_pin_keywords":"","_relevanssi_unpin_keywords":"","_relevanssi_related_keywords":"","_relevanssi_related_include_ids":"","_relevanssi_related_exclude_ids":"","_relevanssi_related_no_append":"","_relevanssi_related_not_related":"","_relevanssi_related_posts":"","_relevanssi_noindex_reason":"","_tribe_events_status":"","_tribe_events_status_reason":"","_tribe_events_is_hybrid":"","_tribe_events_is_virtual":"","_tribe_events_virtual_video_source":"","_tribe_events_virtual_embed_video":"","_tribe_events_virtual_linked_button_text":"","_tribe_events_virtual_linked_button":"","_tribe_events_virtual_show_embed_at":"","_tribe_events_virtual_show_embed_to":[],"_tribe_events_virtual_show_on_event":"","_tribe_events_virtual_show_on_views":"","_tribe_events_virtual_url":"","footnotes":""},"tags":[],"tribe_events_cat":[2486],"class_list":["post-59959","tribe_events","type-tribe_events","status-publish","has-post-thumbnail","hentry","tribe_events_cat-activities-en","cat_activities-en"],"acf":[],"yoast_head":"<!-- This site is optimized with the Yoast SEO plugin v27.3 - https:\/\/yoast.com\/product\/yoast-seo-wordpress\/ -->\n<title>Spring bonfire at \u00c5re Strand &#8211; \u00c5re Sweden<\/title>\n<meta name=\"robots\" content=\"index, follow, max-snippet:-1, max-image-preview:large, max-video-preview:-1\" \/>\n<link rel=\"canonical\" href=\"https:\/\/aresweden.com\/en\/calendar\/spring-bonfire-at-are-strand\/\" \/>\n<meta property=\"og:locale\" content=\"en_US\" \/>\n<meta property=\"og:type\" content=\"article\" \/>\n<meta property=\"og:title\" content=\"Spring bonfire at \u00c5re Strand &#8211; \u00c5re Sweden\" \/>\n<meta property=\"og:description\" content=\"Celebrate the arrival of spring on Walpurgis Night at \u00c5re Strand. \u00c5re Duved Scout Group will be serving burgers and drinks, with more activities starting at 19:00. The \u00c5re Choir [&hellip;]\" \/>\n<meta property=\"og:url\" content=\"https:\/\/aresweden.com\/en\/calendar\/spring-bonfire-at-are-strand\/\" \/>\n<meta property=\"og:site_name\" content=\"\u00c5re Sweden\" \/>\n<meta property=\"article:publisher\" content=\"https:\/\/www.facebook.com\/aresweden\/\" \/>\n<meta property=\"article:modified_time\" content=\"2026-04-20T07:33:20+00:00\" \/>\n<meta property=\"og:image\" content=\"https:\/\/aresweden.com\/app\/uploads\/2023\/04\/valborg-scaled-e1776670253555.jpg\" \/>\n\t<meta property=\"og:image:width\" content=\"2560\" \/>\n\t<meta property=\"og:image:height\" content=\"1706\" \/>\n\t<meta property=\"og:image:type\" content=\"image\/jpeg\" \/>\n<meta name=\"twitter:card\" content=\"summary_large_image\" \/>\n<meta name=\"twitter:label1\" content=\"Est. reading time\" \/>\n\t<meta name=\"twitter:data1\" content=\"1 minute\" \/>\n<script type=\"application\/ld+json\" class=\"yoast-schema-graph\">{\"@context\":\"https:\\\/\\\/schema.org\",\"@graph\":[{\"@type\":\"WebPage\",\"@id\":\"https:\\\/\\\/aresweden.com\\\/en\\\/calendar\\\/spring-bonfire-at-are-strand\\\/\",\"url\":\"https:\\\/\\\/aresweden.com\\\/en\\\/calendar\\\/spring-bonfire-at-are-strand\\\/\",\"name\":\"Spring bonfire at \u00c5re Strand &#8211; \u00c5re Sweden\",\"isPartOf\":{\"@id\":\"https:\\\/\\\/aresweden-bedrock.test\\\/#website\"},\"primaryImageOfPage\":{\"@id\":\"https:\\\/\\\/aresweden.com\\\/en\\\/calendar\\\/spring-bonfire-at-are-strand\\\/#primaryimage\"},\"image\":{\"@id\":\"https:\\\/\\\/aresweden.com\\\/en\\\/calendar\\\/spring-bonfire-at-are-strand\\\/#primaryimage\"},\"thumbnailUrl\":\"https:\\\/\\\/aresweden.com\\\/app\\\/uploads\\\/2023\\\/04\\\/valborg-scaled-e1776670253555.jpg\",\"datePublished\":\"2026-04-20T07:29:56+00:00\",\"dateModified\":\"2026-04-20T07:33:20+00:00\",\"breadcrumb\":{\"@id\":\"https:\\\/\\\/aresweden.com\\\/en\\\/calendar\\\/spring-bonfire-at-are-strand\\\/#breadcrumb\"},\"inLanguage\":\"en-US\",\"potentialAction\":[{\"@type\":\"ReadAction\",\"target\":[\"https:\\\/\\\/aresweden.com\\\/en\\\/calendar\\\/spring-bonfire-at-are-strand\\\/\"]}]},{\"@type\":\"ImageObject\",\"inLanguage\":\"en-US\",\"@id\":\"https:\\\/\\\/aresweden.com\\\/en\\\/calendar\\\/spring-bonfire-at-are-strand\\\/#primaryimage\",\"url\":\"https:\\\/\\\/aresweden.com\\\/app\\\/uploads\\\/2023\\\/04\\\/valborg-scaled-e1776670253555.jpg\",\"contentUrl\":\"https:\\\/\\\/aresweden.com\\\/app\\\/uploads\\\/2023\\\/04\\\/valborg-scaled-e1776670253555.jpg\",\"width\":2560,\"height\":1706,\"caption\":\"Valborg \u00c5re\"},{\"@type\":\"BreadcrumbList\",\"@id\":\"https:\\\/\\\/aresweden.com\\\/en\\\/calendar\\\/spring-bonfire-at-are-strand\\\/#breadcrumb\",\"itemListElement\":[{\"@type\":\"ListItem\",\"position\":1,\"name\":\"Home\",\"item\":\"https:\\\/\\\/aresweden.com\\\/en\\\/\"},{\"@type\":\"ListItem\",\"position\":2,\"name\":\"Events\",\"item\":\"https:\\\/\\\/aresweden.com\\\/en\\\/calendar\\\/\"},{\"@type\":\"ListItem\",\"position\":3,\"name\":\"Spring bonfire at \u00c5re Strand\"}]},{\"@type\":\"WebSite\",\"@id\":\"https:\\\/\\\/aresweden-bedrock.test\\\/#website\",\"url\":\"https:\\\/\\\/aresweden-bedrock.test\\\/\",\"name\":\"\u00c5re Sweden\",\"description\":\"Official site for \u00c5re Sweden\",\"potentialAction\":[{\"@type\":\"SearchAction\",\"target\":{\"@type\":\"EntryPoint\",\"urlTemplate\":\"https:\\\/\\\/aresweden-bedrock.test\\\/?s={search_term_string}\"},\"query-input\":{\"@type\":\"PropertyValueSpecification\",\"valueRequired\":true,\"valueName\":\"search_term_string\"}}],\"inLanguage\":\"en-US\"}]}<\/script>\n<!-- \/ Yoast SEO plugin. -->","yoast_head_json":{"title":"Spring bonfire at \u00c5re Strand &#8211; \u00c5re Sweden","robots":{"index":"index","follow":"follow","max-snippet":"max-snippet:-1","max-image-preview":"max-image-preview:large","max-video-preview":"max-video-preview:-1"},"canonical":"https:\/\/aresweden.com\/en\/calendar\/spring-bonfire-at-are-strand\/","og_locale":"en_US","og_type":"article","og_title":"Spring bonfire at \u00c5re Strand &#8211; \u00c5re Sweden","og_description":"Celebrate the arrival of spring on Walpurgis Night at \u00c5re Strand. \u00c5re Duved Scout Group will be serving burgers and drinks, with more activities starting at 19:00. The \u00c5re Choir [&hellip;]","og_url":"https:\/\/aresweden.com\/en\/calendar\/spring-bonfire-at-are-strand\/","og_site_name":"\u00c5re Sweden","article_publisher":"https:\/\/www.facebook.com\/aresweden\/","article_modified_time":"2026-04-20T07:33:20+00:00","og_image":[{"width":2560,"height":1706,"url":"https:\/\/aresweden.com\/app\/uploads\/2023\/04\/valborg-scaled-e1776670253555.jpg","type":"image\/jpeg"}],"twitter_card":"summary_large_image","twitter_misc":{"Est. reading time":"1 minute"},"schema":{"@context":"https:\/\/schema.org","@graph":[{"@type":"WebPage","@id":"https:\/\/aresweden.com\/en\/calendar\/spring-bonfire-at-are-strand\/","url":"https:\/\/aresweden.com\/en\/calendar\/spring-bonfire-at-are-strand\/","name":"Spring bonfire at \u00c5re Strand &#8211; \u00c5re Sweden","isPartOf":{"@id":"https:\/\/aresweden-bedrock.test\/#website"},"primaryImageOfPage":{"@id":"https:\/\/aresweden.com\/en\/calendar\/spring-bonfire-at-are-strand\/#primaryimage"},"image":{"@id":"https:\/\/aresweden.com\/en\/calendar\/spring-bonfire-at-are-strand\/#primaryimage"},"thumbnailUrl":"https:\/\/aresweden.com\/app\/uploads\/2023\/04\/valborg-scaled-e1776670253555.jpg","datePublished":"2026-04-20T07:29:56+00:00","dateModified":"2026-04-20T07:33:20+00:00","breadcrumb":{"@id":"https:\/\/aresweden.com\/en\/calendar\/spring-bonfire-at-are-strand\/#breadcrumb"},"inLanguage":"en-US","potentialAction":[{"@type":"ReadAction","target":["https:\/\/aresweden.com\/en\/calendar\/spring-bonfire-at-are-strand\/"]}]},{"@type":"ImageObject","inLanguage":"en-US","@id":"https:\/\/aresweden.com\/en\/calendar\/spring-bonfire-at-are-strand\/#primaryimage","url":"https:\/\/aresweden.com\/app\/uploads\/2023\/04\/valborg-scaled-e1776670253555.jpg","contentUrl":"https:\/\/aresweden.com\/app\/uploads\/2023\/04\/valborg-scaled-e1776670253555.jpg","width":2560,"height":1706,"caption":"Valborg \u00c5re"},{"@type":"BreadcrumbList","@id":"https:\/\/aresweden.com\/en\/calendar\/spring-bonfire-at-are-strand\/#breadcrumb","itemListElement":[{"@type":"ListItem","position":1,"name":"Home","item":"https:\/\/aresweden.com\/en\/"},{"@type":"ListItem","position":2,"name":"Events","item":"https:\/\/aresweden.com\/en\/calendar\/"},{"@type":"ListItem","position":3,"name":"Spring bonfire at \u00c5re Strand"}]},{"@type":"WebSite","@id":"https:\/\/aresweden-bedrock.test\/#website","url":"https:\/\/aresweden-bedrock.test\/","name":"\u00c5re Sweden","description":"Official site for \u00c5re Sweden","potentialAction":[{"@type":"SearchAction","target":{"@type":"EntryPoint","urlTemplate":"https:\/\/aresweden-bedrock.test\/?s={search_term_string}"},"query-input":{"@type":"PropertyValueSpecification","valueRequired":true,"valueName":"search_term_string"}}],"inLanguage":"en-US"}]}},"_links":{"self":[{"href":"https:\/\/aresweden.com\/en\/wp-json\/wp\/v2\/tribe_events\/59959","targetHints":{"allow":["GET"]}}],"collection":[{"href":"https:\/\/aresweden.com\/en\/wp-json\/wp\/v2\/tribe_events"}],"about":[{"href":"https:\/\/aresweden.com\/en\/wp-json\/wp\/v2\/types\/tribe_events"}],"author":[{"embeddable":true,"href":"https:\/\/aresweden.com\/en\/wp-json\/wp\/v2\/users\/29"}],"version-history":[{"count":1,"href":"https:\/\/aresweden.com\/en\/wp-json\/wp\/v2\/tribe_events\/59959\/revisions"}],"predecessor-version":[{"id":59961,"href":"https:\/\/aresweden.com\/en\/wp-json\/wp\/v2\/tribe_events\/59959\/revisions\/59961"}],"wp:featuredmedia":[{"embeddable":true,"href":"https:\/\/aresweden.com\/en\/wp-json\/wp\/v2\/media\/18676"}],"wp:attachment":[{"href":"https:\/\/aresweden.com\/en\/wp-json\/wp\/v2\/media?parent=59959"}],"wp:term":[{"taxonomy":"post_tag","embeddable":true,"href":"https:\/\/aresweden.com\/en\/wp-json\/wp\/v2\/tags?post=59959"},{"taxonomy":"tribe_events_cat","embeddable":true,"href":"https:\/\/aresweden.com\/en\/wp-json\/wp\/v2\/tribe_events_cat?post=59959"}],"curies":[{"name":"wp","href":"https:\/\/api.w.org\/{rel}","templated":true}]}}

Spring bonfire at Åre Strand

<p>Celebrate the arrival of spring on Walpurgis Night at Åre Strand.</p>
<p>Åre Duved Scout Group will be serving burgers and drinks, with more activities starting at 19:00.</p>
<p>The Åre Choir will perform before the bonfire is lit.</p>
<p>The bonfire will be lit at 20:30.</p>

<p>Celebrate the arrival of spring on Walpurgis Night at Åre Strand. Åre Duved Scout Group will be serving burgers and drinks, with more activities starting at 19:00. The Åre Choir [&hellip;]</p>

<!-- This site is optimized with the Yoast SEO plugin v27.3 - https://yoast.com/product/yoast-seo-wordpress/ -->
<title>Spring bonfire at Åre Strand &#8211; Åre Sweden</title>
<meta name="robots" content="index, follow, max-snippet:-1, max-image-preview:large, max-video-preview:-1" />
<link rel="canonical" href="https://aresweden.com/en/calendar/spring-bonfire-at-are-strand/" />
<meta property="og:locale" content="en_US" />
<meta property="og:type" content="article" />
<meta property="og:title" content="Spring bonfire at Åre Strand &#8211; Åre Sweden" />
<meta property="og:description" content="Celebrate the arrival of spring on Walpurgis Night at Åre Strand. Åre Duved Scout Group will be serving burgers and drinks, with more activities starting at 19:00. The Åre Choir [&hellip;]" />
<meta property="og:url" content="https://aresweden.com/en/calendar/spring-bonfire-at-are-strand/" />
<meta property="og:site_name" content="Åre Sweden" />
<meta property="article:publisher" content="https://www.facebook.com/aresweden/" />
<meta property="article:modified_time" content="2026-04-20T07:33:20+00:00" />
<meta property="og:image" content="https://aresweden.com/app/uploads/2023/04/valborg-scaled-e1776670253555.jpg" />
	<meta property="og:image:width" content="2560" />
	<meta property="og:image:height" content="1706" />
	<meta property="og:image:type" content="image/jpeg" />
<meta name="twitter:card" content="summary_large_image" />
<meta name="twitter:label1" content="Est. reading time" />
	<meta name="twitter:data1" content="1 minute" />
<script type="application/ld+json" class="yoast-schema-graph">{"@context":"https:\/\/schema.org","@graph":[{"@type":"WebPage","@id":"https:\/\/aresweden.com\/en\/calendar\/spring-bonfire-at-are-strand\/","url":"https:\/\/aresweden.com\/en\/calendar\/spring-bonfire-at-are-strand\/","name":"Spring bonfire at Åre Strand &#8211; Åre Sweden","isPartOf":{"@id":"https:\/\/aresweden-bedrock.test\/#website"},"primaryImageOfPage":{"@id":"https:\/\/aresweden.com\/en\/calendar\/spring-bonfire-at-are-strand\/#primaryimage"},"image":{"@id":"https:\/\/aresweden.com\/en\/calendar\/spring-bonfire-at-are-strand\/#primaryimage"},"thumbnailUrl":"https:\/\/aresweden.com\/app\/uploads\/2023\/04\/valborg-scaled-e1776670253555.jpg","datePublished":"2026-04-20T07:29:56+00:00","dateModified":"2026-04-20T07:33:20+00:00","breadcrumb":{"@id":"https:\/\/aresweden.com\/en\/calendar\/spring-bonfire-at-are-strand\/#breadcrumb"},"inLanguage":"en-US","potentialAction":[{"@type":"ReadAction","target":["https:\/\/aresweden.com\/en\/calendar\/spring-bonfire-at-are-strand\/"]}]},{"@type":"ImageObject","inLanguage":"en-US","@id":"https:\/\/aresweden.com\/en\/calendar\/spring-bonfire-at-are-strand\/#primaryimage","url":"https:\/\/aresweden.com\/app\/uploads\/2023\/04\/valborg-scaled-e1776670253555.jpg","contentUrl":"https:\/\/aresweden.com\/app\/uploads\/2023\/04\/valborg-scaled-e1776670253555.jpg","width":2560,"height":1706,"caption":"Valborg Åre"},{"@type":"BreadcrumbList","@id":"https:\/\/aresweden.com\/en\/calendar\/spring-bonfire-at-are-strand\/#breadcrumb","itemListElement":[{"@type":"ListItem","position":1,"name":"Home","item":"https:\/\/aresweden.com\/en\/"},{"@type":"ListItem","position":2,"name":"Events","item":"https:\/\/aresweden.com\/en\/calendar\/"},{"@type":"ListItem","position":3,"name":"Spring bonfire at Åre Strand"}]},{"@type":"WebSite","@id":"https:\/\/aresweden-bedrock.test\/#website","url":"https:\/\/aresweden-bedrock.test\/","name":"Åre Sweden","description":"Official site for Åre Sweden","potentialAction":[{"@type":"SearchAction","target":{"@type":"EntryPoint","urlTemplate":"https:\/\/aresweden-bedrock.test\/?s={search_term_string}"},"query-input":{"@type":"PropertyValueSpecification","valueRequired":true,"valueName":"search_term_string"}}],"inLanguage":"en-US"}]}</script>
<!-- / Yoast SEO plugin. -->

Spring bonfire at Åre Strand &#8211; Åre Sweden

Celebrate the arrival of spring on Walpurgis Night at Åre Strand. Åre Duved Scout Group will be serving burgers and drinks, with more activities starting at 19:00. The Åre Choir [&hellip;]

Åre Sweden

Valborg Åre

Official site for Åre Sweden
